3 - s**2. Suppose -10 = 2*q + 3*q. Calculate v(q).
6
Let j(k) = -4*k**3 + 2*k**2 - 1. Let f be j(-1). Suppose f*a = 6*i - 3*i + 39, -2*a - 18 = 3*i. Let p = i + 6. Let n(s) = -s**3 - s**2 - 2*s - 2. Give n(p).
6
Let c(j) = j**2 + 4*j - 3. Let m be (14/6)/(4/(-12)). Let g = -3 - m. Let u(p) = p**2 - 4*p - 5. Let y be u(g). Determine c(y).
2
Let k(u) = -u**2 - 19*u + 50. Let d be k(-21). Let m(q) = -q**2 + 9*q - 12. Determine m(d).
-4
Let u(v) = 2*v + v**2 - 1 - v**2 - 3*v**2. Suppose 3*g - 2*w = -3, -18 = -2*g - 4*w - 4. What is u(g)?
-2
Suppose 5 = 3*q + 4*o, 0*o - 3 = -q - 2*o. Let k(h) = 16*h. Calculate k(q).
-16
Let t be 6 - ((-1)/(-1))/(-1). Let k = t - 5. Let l(w) = -w**k + w**2 + 1 - w**2 - 2*w + w. Determine l(-2).
-1
Let p(r) be the second derivative of -r**4/12 - r**3/6 - 4*r**2 + 2*r. Determine p(0).
-8
Suppose -12 = -2*a + 6*a. Let h be (a/9)/((-1)/9). Let l(w) = 0*w + 2*w - 6 - h*w. Calculate l(0).
-6
Let i = 3 + -7. Let l(g) = 2*g. Let z(o) = -o. Let w(r) = 6*l(r) + 13*z(r). What is w(i)?
4
Let n(b) be the third derivative of b**5/60 - 5*b**4/24 + 5*b**3/6 + 8*b**2. Suppose 4*q + 2*v - 18 = 0, -3*v = -2*q + 8 - 3. Calculate n(q).
1
Let v(h) = -4 - 6*h**3 - 7*h + 28*h**3 + 4*h**2 - 21*h**3. Let t(c) = c**2 + 7*c + 5. Let q be t(-5). Calculate v(q).
6
Let t(l) = -l**3 - 5*l**2 - 4*l - 2. Suppose 0*r + 5*r = 0. Suppose -4*w + x + 3*x + 56 = 0, -4*x - 16 = r. Let f be 15/w*4/(-3). Determine t(f).
-6
Let y(b) = -b**3 - 12*b**2 + 12*b - 11. Let a be y(-13). Let x(n) = -n - 2. Determine x(a).
-4
Let p(d) = 13*d**3 + 2*d**2 - 1. Let m(o) = o**3 - o**2 - 2*o - 1. Let u be m(2). Give p(u).
-12
Let g(c) be the third derivative of c**4/24 + c**3/3 + 4*c**2. Calculate g(3).
5
Let n = 12 + -15. Let o(p) = 2*p + 1. Determine o(n).
-5
Let m(k) = -2*k**2 - 2*k**2 + k**3 - 5*k**2 + 5 - 12*k + 5. Give m(10).
-10
Let d(s) = 3*s**2 - 2. Suppose -6*w - 5*i = -3*w - 9, -5*w = 4*i - 2. Give d(w).
10
Let f(t) = 6*t**2 - 12. Let p(a) = -a**2 - a + 1. Let n(w) = f(w) + 5*p(w). Suppose -7*y + 28 = -14. Determine n(y).
-1
Let f(c) = -c**2 + 3*c - 6. Let m = 107 + -102. Calculate f(m).
-16
Let h(g) = g**3 + 2*g**2 - 1. Let n be (0/(3 + -2))/(-1). Let o = -2 - n. Determine h(o).
-1
Let r(b) be the first derivative of b**2/2 - 2*b - 6. Suppose s + 0 + 5 = 0. What is r(s)?
-7
Let k(g) = -g**2 + 11*g - 24. Let v be k(6). Let i(h) = -h - 3. Calculate i(v).
-9
Let h(i) = i**2 + 4*i. Let t(j) = j**2 + 3 - 62*j - 4 + 66*j. Let v be t(-3). What is h(v)?
0
Let f(m) = -m**3 - m**2 - 2*m - 1. Let a be (-4)/(-10) + (-253)/(-55). Suppose 2*l + 3*l + a*k = 15, 2*l + 5*k = 18. Calculate f(l).
1
Let m(j) = -j**2 - 6*j**2 + j**2. Calculate m(1).
-6
Let q(k) = k + 15. Let h be q(-11). Suppose 0 = h*c - 3 - 13, 2*c - 20 = -4*j. Let x(v) = 3*v + 0 - 4 + 0*v. What is x(j)?
5
Let p(y) = -y - 9 - 3 + 1 + 2. What is p(0)?
-9
Let m(z) be the third derivative of z**5/60 - 5*z**4/24 + z**3/3 + 12*z**2. Calculate m(5).
2
Let j(x) = x**2 - 3*x - 2. Let k(v) = -3*v**2 + 9*v + 5. Let g(a) = -a**2 + 6*a + 15. Let m be g(7). Let q(y) = m*j(y) + 3*k(y). Calculate q(4).
-5
Let f(t) = 3*t**3 - 4*t**2 - 4*t + 4. Let g(y) = -2*y**3 + 3*y**2 + 3*y - 3. Let k(l) = 3*f(l) + 4*g(l). Determine k(-1).
-1
Let t(w) be the first derivative of -1/8*w**4 + 0*w**3 + 2 - w**2 + 0*w. Let y(v) be the second derivative of t(v). Determine y(-2).
6
Let f(z) = z + 1. Let u be 3/(-4) - 54/(-8). Let m = u - 7. Let r be f(m). Let k(w) = w - 6. Give k(r).
-6
Suppose 0*j - 3*j + 6 = 0. Let n be (1 - 3)*(-4)/j. Suppose -3*c + 1 = -n*l, 5*c + 5*l + 7 = 3*c. Let h(m) = -7*m. Determine h(c).
7
Let i(g) = 5*g**2 - 2*g - 3. Let d(y) = -4*y**2 + 3*y + 3. Let z(b) = 6*d(b) + 5*i(b). Let a be ((-255)/(-9))/(-5) + (-3)/9. Calculate z(a).
-9
Let t(z) = 6*z - 3. Let i(d) = 4*d - 2. Let k(s) = -7*i(s) + 5*t(s). Calculate k(-2).
-5
Let f(i) = -i**2 - 5*i - 3. Let k be f(-3). Let m(x) = 2 + 5*x**k - 5*x**3 - 5*x**2 + x**3 + 2*x**2 - 5*x. What is m(4)?
-2
Let x = 0 - -1. Let v(d) = 18*d + 7. Let l(z) be the second derivative of 3*z**3/2 + 3*z**2/2 - 2*z. Let y(u) = 9*l(u) - 4*v(u). What is y(x)?
8
Let r = 2 + 0. Let i(q) = -q**2 + 3*q - 3. Let u be i(r). Let n(g) = 3*g. What is n(u)?
-3
Let k be (-3)/(-30)*-4*-5. Let v(w) = -4*w**k - 1 + 6*w**2 - 5*w**3 + 2*w - w - w**2. Let g be (-4)/14 + (-9)/(-7). Determine v(g).
-4
Let m(y) be the second derivative of -y**5/120 + y**4/12 - y**3/6 - 7*y. Let x(p) be the second derivative of m(p). Give x(2).
0
Let i(u) = 2*u**2 - u - 1. Let h be i(2). Suppose 3*b - h*x + 25 = -x, 0 = 2*b + x + 2. Let f(c) = -3 - c + 3. Determine f(b).
3
Let f(d) = -10*d**3 - d**2 + d. Let x(a) = a**2 - 5*a + 5. Suppose 0*i - 3*i = -18. Suppose -i*j + 2*j + 16 = 0. Let n be x(j). Calculate f(n).
-10
Let l = -10 + 30. Suppose -l = -f - 3*f. Let u(s) = -6*s**2 - 2. Let k(t) = 9*t**2 + 3. Let i(b) = f*k(b) + 7*u(b). Give i(1).
4
Let a(s) = 4*s - 1. Suppose 4*h = -2*n - 14, 0 = -3*h - 2*h. Suppose 2*l = 4*j + 40, -j - 28 = 3*j + 4*l. Let r = j - n. Give a(r).
-9
Suppose 0 = 2*p - 6*p - 4*b + 4, -2*b = 5*p - 11. Suppose -4*y + 10 - 1 = s, -3*y - p = 0. Let k = s + -9. Let o(i) = -i**3 + 3*i**2 + 3*i + 5. Give o(k).
1
Suppose 0 = -g + 4*z + 24, 5*g = 3*z + 31 + 55. Let r be (g - 6) + (-5 - -2). Let m(q) = -q + 4. Give m(r).
-3
Let x(h) = h**2 - h. Let a be (-8)/(-6)*(-3)/(-2). Let w be x(a). Let p = -6 + w. Let z(q) = q**2 + 3*q - 1. Determine z(p).
3
Let w(r) = 2*r - 1. Suppose n = 5*c - 0 - 11, 0 = 5*n + c - 23. Calculate w(n).
7
Let s = 6 + -5. Suppose -7 = 3*z - s. Let i(r) = -r + 1. Determine i(z).
3
Let t(g) = -g - 7 + 10 - 2 + 2. Determine t(-5).
8
Let w be (-8)/(-5) + (-6)/(-15). Let n be 1*w*(-2 - -1). Let d(r) = -r - 3*r - 2*r + 2*r. What is d(n)?
8
Let n(q) = -q - 3. Suppose 3*a = 4*w + w + 21, 3*a = -2*w. Let s be n(w). Let h(k) = k + 4. Give h(s).
4
Let d be 2*3 - (5 - 2). Let x(k) = -2*k**d - 1 - 6*k**2 + 2*k**2 + 3*k**2 + 2*k**2. Calculate x(-1).
2
Let x(w) = -w + 9. Let s be x(5). Let q(v) be the first derivative of 2 + 2/3*v**3 + v + 1/2*v**2 - 1/4*v**s. Give q(3).
-5
Let k(o) = -7*o + 10. Let t(j) = 1. Let u(w) = -k(w) - 6*t(w). Let s(p) = 13*p - 31. Let d(r) = -6*s(r) + 11*u(r). Let n = 0 - 0. What is d(n)?
10
Suppose -i + 1 = -5*l - 3, 4*l - 4 = -i. Let a be l + -1 - -3 - -2. Let s(k) = -6*k**2 + 3*k - 4. Let j(d) = d**3 + d**2. Let y(n) = j(n) + s(n). What is y(a)?
-8
Let f(s) = 2*s - 7. Let n(h) = -h + 4. Let v(z) = -3*f(z) - 5*n(z). Calculate v(-3).
4
Let o(z) = -3 - z**2 - 2*z**2 + 4*z**2 - 8*z. Let y be o(9). Suppose 5*i - y = 3*i. Let c(u) = -u**3 + 4*u**2 - 2*u + 1. What is c(i)?
4
Let s(o) = 4*o - 8. Let p(r) = -5*r + 9. Let x(v) = 6*p(v) + 7*s(v). What is x(-5)?
8
Let r(v) be the second derivative of -v**4/12 + v**3/6 - v. Let i(n) = -2*n**2 + 12*n. Let c be i(6). Determine r(c).
0
Let b(x) be the first derivative of -x**3/3 + 3*x**2 - 2*x + 3. What is b(3)?
7
Suppose p + 2*v = 14, v + 8 = 2*p + 5. Let a(g) = -g**2 + 2*g + 5. What is a(p)?
-3
Let f(i) = i**3 + 7*i**2 - 8*i - 6. Let b be (-6)/4*128/24. What is f(b)?
-6
Let j(y) = 2*y**2 - 11*y + 8. Let v(b) = 5*b**2 - 32*b + 25. Let r(s) = -8*j(s) + 3*v(s). Calculate r(-9).
2
Let g(r) = 4*r**2 + 3*r + 3. Suppose -9*i = 5*i + 28. What is g(i)?
13
Let z = -60 + 109. Let v be (-14)/z - 208/7. Let l be ((-2)/(-5))/((-3)/v). Let c(i) = -i**2 + 2*i + 2. Determine c(l).
-6
Suppose -4*a = 2*d - 68, -a + 5*d = 4*d - 11. Let j = a + -9. Let l(s) = s**2 - 5*s - 6. What is l(j)?
0
Let y(i) = 2*i**2 + 7*i - 17. Let q(b) = 3*b**2 + 10*b - 26. Let c(r) = 5*q(r) - 8*y(r). What is c(-6)?
6
Let v be 0 + 3 + -2 + 2. Let p(x) = x**2 - 2*x - 2. Let k(g) = g**2 - 3*g - 3. Let i(q) = v*p(q) - 2*k(q). Suppose -7*a + 3*a = 0. What is i(a)?
0
Let l(x) be the second derivative of -x**5/20 - x**4/12 + x**3/6 - 4*x**2 + x. Let f(d) = -2*d**3 - 7*d**2 + 6*d + 8. Let t be f(-4). Calculate l(t).
-8
Let d = 7 + -5. Let v(k) = 7*k - 2*k**d + k**3 - 4*k**2 - 7 + 2. Give v(5).
5
Let t(u) be the second derivative of -3*u**5/20 - u**3/6 - 6*u. Let x(f) = f + 1. Let c be x(-2). Calculate t(c).
4
Let c(z) = -1 - 198*z - 1 + 195*z. Determine c(-3).
7
Let n = 1 + -1. Let q be n*(-3)/(-2 - 1). Let o(c) = q*c**2 + 3 - 9 + c**2 + 4*c. Determine o(-5).
-1
Let j(g) = -g - 2. Let t be j(-5)